tens digit of g?
2
Let n(c) = -73*c**2 + 3*c - 1. Let h be n(3). What is the hundreds digit of h/(-2) - 65/130?
3
Let z be 6/((-18)/(-13263)) + 2. Suppose 5*v = s + z, -30*v + 33*v = 2*s + 2651. What is the tens digit of v?
8
Let d be (4 + (-5)/(-20))*24. Let q be ((7/1)/(-7))/(2/d). Let a = 189 + q. What is the units digit of a?
8
Suppose 5*z = -306 + 96. Let o be 1/(-4) + -2 + z/(-8). Suppose -2*h = 3*j + h - 246, o*h = -2*j + 162. What is the units digit of j?
4
Let y(n) = -n**3 - 2*n**2 - 2*n. Let j be y(0). Suppose -15*c + 5*c + 5450 = j. What is the tens digit of c?
4
Suppose -321*k + 320*k - 5*x + 19233 = 0, -x = 3*k - 57671. What is the thousands digit of k?
9
Suppose -4*o + 12360 + 15500 = -5012. What is the units digit of o?
8
Let z = 19146 - 11529. What is the tens digit of z?
1
Let t = 847 + -316. Let y = 753 - t. What is the units digit of y?
2
Suppose 683 = 4*u - 20*j + 17*j, -j = 3*u - 509. Let p = u - -144. What is the units digit of p?
4
Suppose 6*b + 11 - 29 = 0. Suppose -283 + b = -5*l - q, 35 = l - 4*q. What is the units digit of l?
5
Let h = 170 - 168. Suppose -2*g = r - 20, -h*r + 4*g = 7*g - 39. What is the units digit of r?
8
Let y(j) be the third derivative of -20*j**4/3 + j**3/6 + 33*j**2. Let k be y(1). Let n = 384 + k. What is the units digit of n?
5
Let v(g) = -2*g + 30. Let s be v(15). Suppose -2*r = -s*r - l + 15, -4*r = l + 33. What is the hundreds digit of (-12)/r + -3*1052/(-24)?
1
Suppose -7*z + 14 = -77. Suppose 5*n + 5*s = 3590, -17*n + s = -z*n - 2847. What is the units digit of n?
3
Let i(z) = z**3 - 6*z**2 + z - 2. Let n be i(6). Suppose -64*y + 58*y = -18. Suppose y*b - 4*b - o = -62, -8 = -n*o. What is the units digit of b?
0
Let t be (-3)/(-1) - 676/(-7 - -3). Suppose -15*g + t = -11*g. What is the tens digit of g?
4
Let f = 25 + -22. Suppose 3 = f*d, -3*d = -4*s - 1 + 2. What is the tens digit of -6*6*s/(-1) + 3?
3
Let u = -5 - 80. Let l = u - -186. What is the tens digit of l?
0
Suppose 34 = 5*l - 86. Let t be (104/l)/(2 - (-514)/(-258)). What is the tens digit of (-20)/(-110) - t/(-11)?
5
Let x(w) = -860*w + 3384. What is the hundreds digit of x(-21)?
4
Let w = -31 - -55. Suppose -w = 5*t - v, -24 = 3*t - 2*v - v. What is the tens digit of 58/(8/t)*-1?
2
Suppose -22*s + 2360 = -1996. Suppose 5*i + 6*v = 3*v - 357, i = 4*v - 53. Let y = i + s. What is the hundreds digit of y?
1
Suppose -4*a + 69172 = -3*h, -4*a + 25185 = h - 44019. What is the ten thousands digit of a?
1
Let q be ((-538)/(-8))/(26/520). Suppose -3*f - q = 4*p - 5957, -4*p = -f - 4628. What is the tens digit of p?
5
Let t be ((-15)/5 + 109/(-7))*-21. Let j be (-3 - -7)/2 + 200. Let s = t - j. What is the hundreds digit of s?
1
Let d(b) = -b**2 - 20*b - 4. Let u be d(-14). What is the units digit of (1 - 2)*10/(u/(-648))?
1
Suppose 0 = l - 0 - 5. Let c be ((-185)/148)/(3/(-1368)). Suppose -5*m + l*v = -c, 4*m + 2*v = 297 + 135. What is the units digit of m?
0
Let y(x) = -6126*x - 10664. What is the tens digit of y(-7)?
1
Let l(j) = 645*j - 1050. What is the tens digit of l(11)?
4
Suppose -i + 14 = 45. Let o = 140 - i. Let j = o - 90. What is the tens digit of j?
8
Suppose 17*c = 19*c - 774. Suppose 0*i = -i - 2*q + c, 5*i = 4*q + 1865. What is the tens digit of i?
7
Let u(n) = -n**3 - n**2 + 53*n + 346. What is the hundreds digit of u(-8)?
3
Let g = 2326 + -1573. What is the tens digit of 51/34 - g/(-2)?
7
Suppose 0 = -4*t + 3*c + 382, -2*t + 188 = -4*c + c. Let o = t - 56. Suppose u + o = 161. What is the tens digit of u?
2
Let s = 364 - 362. What is the units digit of ((-27)/81)/(13034/(-6516) + s)?
6
Suppose -p + u + 7125 = 0, -31*u + 36*u = -3*p + 21407. What is the thousands digit of p?
7
Suppose -106 + 85 = -n. Suppose 13504 = n*f - 5*f. What is the hundreds digit of f?
8
Let q be ((-2)/(-3))/(10/(-510)). Let n = q - -37. Suppose 0 = -n*m - 4*m + 343. What is the tens digit of m?
4
Let d be 5/(-3) + 118/6. Let s = 88 + d. What is the hundreds digit of s?
1
Let w be (-14)/(-6)*(-1 - 2). Let u(p) = -686294*p - 32 - 5*p**2 + 15 + 686286*p - p**3. What is the units digit of u(w)?
7
Let y = 14019 + -5015. What is the thousands digit of y?
9
Suppose x - 70*s + 73*s = 1962, 7928 = 4*x - 4*s. What is the thousands digit of x?
1
Suppose -2*h = c - 50568, -438*c - 25305 = -h - 435*c. What is the units digit of h?
7
Let m be (-2)/(65/30 + -2). Let o = m + 12. Suppose -90*d + 95*d - 665 = o. What is the tens digit of d?
3
Suppose 16 = -n - 3*q, 2*n + q = -2*n - 9. What is the hundreds digit of (n/(-2))/(((-75)/1540)/(-15))?
1
Let v(o) = -o**2 - 6*o + 10. Let y be v(-7). Suppose -3*r = -2*d + 2*r + 212, y*d = 3*r + 300. What is the units digit of d?
6
Let o = -900 + 904. Suppose 5*k + 1144 = o*h, -16*h - 5*k = -12*h - 1184. What is the hundreds digit of h?
2
Let q be (-4)/((1 - 35/25)*2). Suppose -5*w = q*a - 1920, -3*w + 0*a + a = -1140. What is the hundreds digit of w?
3
Suppose 63612 = 54*y - 42*y. Suppose y = -12*d + 21*d. What is the tens digit of d?
8
Let g = 8 - 4. Suppose 0 = -2*t + g*n - 2*n + 8, 0 = -t + 4*n + 1. Suppose t*z + 2*d - 6*d - 395 = 0, d + 5 = 0. What is the tens digit of z?
7
Suppose 10230 + 16373 = o + 43*u, -3*u - 26925 = -o. What is the hundreds digit of o?
9
Let t = -5204 - -5331. What is the tens digit of t?
2
Suppose 4*x - 2*h - 148026 = 0, -212*h + 208*h + 4 = 0. What is the tens digit of x?
0
Suppose -5*c = -25, -5*a + 78 = 4*c - 7. Suppose -18 + a = 5*k. What is the units digit of -5 + (-131)/k - (-1 + -2)?
9
Let c(a) = -1029*a + 2163. What is the tens digit of c(-10)?
5
Let i(h) = 84*h**2 - 15*h + 349. What is the thousands digit of i(20)?
3
Let y be (-1586)/52 + 3/2. Let l = y + 31. Suppose l = -c, -2*z = -c - 13 + 3. What is the units digit of z?
4
Suppose -57*n + 5334508 = 1517674. What is the tens digit of n?
6
Let j be -3 - (2 + -3 + (-64 - 9)). Let a = j - 101. What is the units digit of 9/2*5/(a/(-64))?
8
Let a = 26 + -24. Suppose 4*z - 12 = a*o, -4*o = -5*z + z + 8. Suppose 2*s + j - 74 = 0, -2*j = -j + o. What is the units digit of s?
8
Let z = -1256 + -312. What is the units digit of z/(-12) + 1 + (-12)/18?
1
What is the hundreds digit of (-91240)/(-19) + (-4 - 1850/(-475))?
8
Suppose -159*l - 21 = -180*l. Let y(i) be the first derivative of 26*i**3 + i**2/2 - i - 2. What is the tens digit of y(l)?
7
Let l be 2*1/4 + (-3)/6. Suppose 4*t - 517 = -5*o + 1156, l = -2*o - 6. What is the units digit of t?
2
Let v = 13 + -11. Suppose -61 = -v*y - 21. What is the tens digit of (y/(-6))/(13/(-312))?
8
Let m be (-4 - (-5118)/(-4))*-2. Suppose -2*q = n - 1188 + 163, 5*q = 2*n + m. Suppose -9*v = -q - 207. What is the units digit of v?
0
Let f = 5 - -8. Suppose f*z + 6*z = 95. Suppose 0 = -2*c + z*c - 219. What is the tens digit of c?
7
Let s = 6227 + -4403. Suppose -2*v = 4*v - s. Let d = v - 58. What is the units digit of d?
6
Suppose 5*p + 4*p - 36 = 0. Suppose 5*c - p*d + 5 = 1, -4*c = d - 1. Let h = c + 88. What is the units digit of h?
8
Let y(n) = -n**2 + 24*n - 54. Let z be y(22). What is the units digit of (-40515)/(-74) + z/(-4)?
0
Let x(h) = 16*h + 827. What is the units digit of x(18)?
5
What is the hundreds digit of (-12*(-309)/(-30))/(486/(-22680))?
7
Let n be 10/(-35) - (-4)/14. Suppose 104 = -n*w + w. Suppose -4*d = f + 3*f - 120, -4*d + w = -4*f. What is the tens digit of d?
2
Let h(g) = -g**2 - 17*g - 44. Let i be h(-16). What is the tens digit of (-132)/3*77/i?
2
Suppose -4*c + 21 = -5*q, -6*c + q + 9 = -10*c. Suppose 31 = -4*p - o, 3*p - 2*o + 22 = -4. What is the tens digit of (1*c)/(p/304)?
3
Let q(k) = 173*k**2 - 73*k - 785. What is the tens digit of q(-10)?
4
Let o = 640 - 430. Let h(r) = -r**2 + 4*r + 5. Let t be h(4). Suppose 3*m = 3*l - 6 + o, m - t*l = 48. What is the tens digit of m?
7
Suppose t = 6*t - f - 69140, 5*t + 4*f = 69115. What is the tens digit of t?
2
Let f = -8143 + -1139. What is the hundreds digit of (-2)/(14/(-91) - 1376/f)?
3
Suppose 644*m - 48 = 638*m. Suppose -5*x = 5*b - 3585, -5*b = 3*x - m*x + 3585. What is the units digit of x?
7
Let v(l) = -2*l - 17. Suppose 17 = -3*i - 10. Let x be v(i). What is the hundreds digit of 1/((1*-2)/(-207 + x))?
1
Let o be (100/80)/(2/(-8)) - 1096. Let b = o - -1576. What is the hundreds digit of b?
4
Suppose 5*i - 4*o + 92 